{"id":671,"date":"2024-02-03T15:55:43","date_gmt":"2024-02-03T14:55:43","guid":{"rendered":"http:\/\/serwer255038.lh.pl\/autoinstalator\/serwer255038.lh.pl\/wordpress54163\/?page_id=671"},"modified":"2025-02-08T11:16:17","modified_gmt":"2025-02-08T10:16:17","slug":"cennik","status":"publish","type":"page","link":"https:\/\/www.lapszanka29.pl\/index.php\/cennik\/","title":{"rendered":"Cennik"},"content":{"rendered":"\t\t<div data-elementor-type=\"wp-page\" data-elementor-id=\"671\" class=\"elementor elementor-671\">\n\t\t\t\t\t\t<section class=\"elementor-section elementor-top-section elementor-element elementor-element-709ea4f4 elementor-section-height-min-height elementor-section-stretched elementor-section-boxed elementor-section-height-default elementor-section-items-middle\" data-id=\"709ea4f4\" data-element_type=\"section\" data-settings=\"{&quot;background_background&quot;:&quot;classic&quot;,&quot;stretch_section&quot;:&quot;section-stretched&quot;}\">\n\t\t\t\t\t\t\t<div class=\"elementor-background-overlay\"><\/div>\n\t\t\t\t\t\t\t<div class=\"elementor-container elementor-column-gap-default\">\n\t\t\t\t\t<div class=\"elementor-column elementor-col-100 elementor-top-column elementor-element elementor-element-7945684c\" data-id=\"7945684c\" data-element_type=\"column\">\n\t\t\t<div class=\"elementor-widget-wrap elementor-element-populated\">\n\t\t\t\t\t\t<div class=\"elementor-element elementor-element-27439264 elementor-widget elementor-widget-heading\" data-id=\"27439264\" data-element_type=\"widget\" data-widget_type=\"heading.default\">\n\t\t\t\t<div class=\"elementor-widget-container\">\n\t\t\t<style>\/*! elementor - v3.19.0 - 29-01-2024 *\/\n.elementor-heading-title{padding:0;margin:0;line-height:1}.elementor-widget-heading .elementor-heading-title[class*=elementor-size-]>a{color:inherit;font-size:inherit;line-height:inherit}.elementor-widget-heading .elementor-heading-title.elementor-size-small{font-size:15px}.elementor-widget-heading .elementor-heading-title.elementor-size-medium{font-size:19px}.elementor-widget-heading .elementor-heading-title.elementor-size-large{font-size:29px}.elementor-widget-heading .elementor-heading-title.elementor-size-xl{font-size:39px}.elementor-widget-heading .elementor-heading-title.elementor-size-xxl{font-size:59px}<\/style><h2 class=\"elementor-heading-title elementor-size-default\">Cennik<\/h2>\t\t<\/div>\n\t\t\t\t<\/div>\n\t\t\t\t<div class=\"elementor-element elementor-element-87f79f4 elementor-widget__width-initial elementor-widget elementor-widget-text-editor\" data-id=\"87f79f4\" data-element_type=\"widget\" data-widget_type=\"text-editor.default\">\n\t\t\t\t<div class=\"elementor-widget-container\">\n\t\t\t<style>\/*! elementor - v3.19.0 - 29-01-2024 *\/\n.elementor-widget-text-editor.elementor-drop-cap-view-stacked .elementor-drop-cap{background-color:#69727d;color:#fff}.elementor-widget-text-editor.elementor-drop-cap-view-framed .elementor-drop-cap{color:#69727d;border:3px solid;background-color:transparent}.elementor-widget-text-editor:not(.elementor-drop-cap-view-default) .elementor-drop-cap{margin-top:8px}.elementor-widget-text-editor:not(.elementor-drop-cap-view-default) .elementor-drop-cap-letter{width:1em;height:1em}.elementor-widget-text-editor .elementor-drop-cap{float:left;text-align:center;line-height:1;font-size:50px}.elementor-widget-text-editor .elementor-drop-cap-letter{display:inline-block}<\/style>\t\t\t\t<p><strong>Zapraszamy do zapoznania si\u0119 z naszym cennikiem. Ponadto, sprawd\u017a, jakie atrakcyjne oferty czekaj\u0105 na Ciebie w \u0141apszanka29. Znajd\u017a sw\u00f3j idealny pakiet na wakacje w g\u00f3rach!<\/strong><\/p>\t\t\t\t\t\t<\/div>\n\t\t\t\t<\/div>\n\t\t\t\t\t<\/div>\n\t\t<\/div>\n\t\t\t\t\t<\/div>\n\t\t<\/section>\n\t\t\t\t<section class=\"elementor-section elementor-top-section elementor-element elementor-element-27d2a88 elementor-section-stretched elementor-section-boxed elementor-section-height-default elementor-section-height-default\" data-id=\"27d2a88\" data-element_type=\"section\" data-settings=\"{&quot;background_background&quot;:&quot;classic&quot;,&quot;stretch_section&quot;:&quot;section-stretched&quot;}\">\n\t\t\t\t\t\t\t<div class=\"elementor-background-overlay\"><\/div>\n\t\t\t\t\t\t\t<div class=\"elementor-container elementor-column-gap-default\">\n\t\t\t\t\t<div class=\"elementor-column elementor-col-33 elementor-top-column elementor-element elementor-element-e494521\" data-id=\"e494521\" data-element_type=\"column\" data-settings=\"{&quot;background_background&quot;:&quot;classic&quot;,&quot;animation&quot;:&quot;none&quot;,&quot;animation_delay&quot;:300}\">\n\t\t\t<div class=\"elementor-widget-wrap elementor-element-populated\">\n\t\t\t\t\t\t<div class=\"elementor-element elementor-element-e0a367f elementor-widget elementor-widget-text-editor\" data-id=\"e0a367f\" data-element_type=\"widget\" data-widget_type=\"text-editor.default\">\n\t\t\t\t<div class=\"elementor-widget-container\">\n\t\t\t\t\t\t\t<p><b>SEZON NISKI<\/b><br>marzec-czerwiec<br>wrzesie\u0144-listopad<\/p>\n<p>&#8212;&#8212;&#8212;&#8212;&#8212;&#8212;&#8212;&#8212;&#8212;&#8212;&#8212;&#8212;&#8212;<\/p>\t\t\t\t\t\t<\/div>\n\t\t\t\t<\/div>\n\t\t\t\t<div class=\"elementor-element elementor-element-5a9be22 elementor-widget elementor-widget-text-editor\" data-id=\"5a9be22\" data-element_type=\"widget\" data-widget_type=\"text-editor.default\">\n\t\t\t\t<div class=\"elementor-widget-container\">\n\t\t\t\t\t\t\t<p>Dla maksymalnie 6 os\u00f3b<br \/>600 z\u0142\/ za noc<\/p><p><span style=\"font-size: 16px; letter-spacing: 0.2px;\">&#8212;&#8212;&#8212;&#8212;&#8212;&#8212;&#8212;&#8212;&#8212;&#8212;&#8212;&#8212;&#8212;<\/span><\/p><p><span style=\"font-size: 16px; letter-spacing: 0.2px;\">Ka\u017cda kolejna osoba\u00a0<br \/><\/span><span style=\"font-size: 16px; letter-spacing: 0.2px;\">100 z\u0142\/ za noc<br \/><\/span><span style=\"font-variant-ligatures: normal; font-variant-caps: normal; font-family: Montserrat; font-size: 16px; font-style: normal; font-weight: 400; letter-spacing: 0.2px; text-align: start;\">*Do<\/span><span style=\"font-variant-ligatures: normal; font-variant-caps: normal; font-family: Montserrat; font-size: 16px; font-style: normal; font-weight: bold; letter-spacing: 0.2px; text-align: start;\">\u00a010 os\u00f3b<\/span><span style=\"font-size: 16px; letter-spacing: 0.2px;\"><br \/><\/span><\/p><p>Dzieci do 14 lat <strong>rabat -50%<\/strong><\/p><p>&#8212;&#8212;&#8212;&#8212;&#8212;&#8212;&#8212;&#8212;&#8212;&#8212;&#8212;&#8212;&#8212;<\/p><p>*<span style=\"font-family: Montserrat; font-size: 16px; font-style: normal; font-variant-ligatures: normal; font-variant-caps: normal; font-weight: 400; letter-spacing: 0.2px; text-align: start;\">Dodatkowa op\u0142ata za sprz\u0105tanie <\/span><span style=\"font-family: Montserrat; font-size: 16px; font-style: normal; font-variant-ligatures: normal; font-variant-caps: normal; letter-spacing: 0.2px; font-weight: bold; text-align: start;\">300z\u0142<\/span><span style=\"font-family: Montserrat; font-size: 16px; font-style: normal; font-variant-ligatures: normal; font-variant-caps: normal; font-weight: 400; letter-spacing: 0.2px; text-align: start;\"> (przy wynajmie na powy\u017cej 3 nocy, op\u0142ata wliczona w cen\u0119)<\/span><\/p><p><span style=\"font-family: Montserrat; font-size: 16px; font-style: normal; font-variant-ligatures: normal; font-variant-caps: normal; font-weight: 400; letter-spacing: 0.2px; text-align: start;\">*Przy wynajmie na okres powy\u017cej 5 nocy\u00a0<\/span><span style=\"font-variant-ligatures: normal; font-variant-caps: normal; font-family: Montserrat; font-size: 16px; font-style: normal; font-weight: bold; letter-spacing: 0.2px; text-align: start;\">rabat &#8211; 10%<\/span><\/p>\t\t\t\t\t\t<\/div>\n\t\t\t\t<\/div>\n\t\t\t\t\t<\/div>\n\t\t<\/div>\n\t\t\t\t<div class=\"elementor-column elementor-col-33 elementor-top-column elementor-element elementor-element-fca7f4b\" data-id=\"fca7f4b\" data-element_type=\"column\" data-settings=\"{&quot;background_background&quot;:&quot;classic&quot;}\">\n\t\t\t<div class=\"elementor-widget-wrap elementor-element-populated\">\n\t\t\t\t\t\t<div class=\"elementor-element elementor-element-27aab1a elementor-widget elementor-widget-text-editor\" data-id=\"27aab1a\" data-element_type=\"widget\" data-widget_type=\"text-editor.default\">\n\t\t\t\t<div class=\"elementor-widget-container\">\n\t\t\t\t\t\t\t<p><b>SEZON WYSOKI&nbsp;<\/b><br><span style=\"font-size: 16px; letter-spacing: 0.2px;\">lipiec-sierpie\u0144<br>grudzie\u0144-luty<\/span><\/p>\n<p>&#8212;&#8212;&#8212;&#8212;&#8212;&#8212;&#8212;&#8212;&#8212;&#8212;&#8212;&#8212;&#8212;<\/p>\t\t\t\t\t\t<\/div>\n\t\t\t\t<\/div>\n\t\t\t\t<div class=\"elementor-element elementor-element-090f7ff elementor-widget elementor-widget-text-editor\" data-id=\"090f7ff\" data-element_type=\"widget\" data-widget_type=\"text-editor.default\">\n\t\t\t\t<div class=\"elementor-widget-container\">\n\t\t\t\t\t\t\t<p style=\"font-variant-ligatures: normal; font-variant-caps: normal; font-family: Montserrat; font-size: 16px; font-style: normal; font-weight: 400; letter-spacing: 0.2px; text-align: center;\">Dla maksymalnie 6 os\u00f3b<br \/>800 z\u0142\/ za noc<\/p><p style=\"font-variant-ligatures: normal; font-variant-caps: normal; font-family: Montserrat; font-size: 16px; font-style: normal; font-weight: 400; letter-spacing: 0.2px; text-align: center;\"><span style=\"font-size: 16px; letter-spacing: 0.2px;\">&#8212;&#8212;&#8212;&#8212;&#8212;&#8212;&#8212;&#8212;&#8212;&#8212;&#8212;&#8212;&#8212;<\/span><\/p><p style=\"font-variant-ligatures: normal; font-variant-caps: normal; font-family: Montserrat; font-size: 16px; font-style: normal; font-weight: 400; letter-spacing: 0.2px; text-align: center;\"><span style=\"font-size: 16px; letter-spacing: 0.2px;\">Ka\u017cda kolejna osoba\u00a0<br \/><\/span><span style=\"font-family: Montserrat; font-size: 16px; font-style: normal; font-variant-ligatures: normal; font-variant-caps: normal; font-weight: 400; letter-spacing: 0.2px;\">100 z\u0142\/ za noc<br \/><\/span><span style=\"font-variant-ligatures: normal; font-variant-caps: normal; font-family: Montserrat; font-size: 16px; font-style: normal; font-weight: 400; letter-spacing: 0.2px; text-align: start;\">*Do<\/span><span style=\"font-variant-ligatures: normal; font-variant-caps: normal; font-family: Montserrat; font-size: 16px; font-style: normal; font-weight: bold; letter-spacing: 0.2px; text-align: start;\">\u00a010 os\u00f3b<\/span><span style=\"font-family: Montserrat; font-size: 16px; font-style: normal; font-variant-ligatures: normal; font-variant-caps: normal; font-weight: 400; letter-spacing: 0.2px;\"><br \/><\/span><\/p><p>Dzieci do 14 lat <strong>rabat -50%<\/strong><\/p><p style=\"font-variant-ligatures: normal; font-variant-caps: normal; font-family: Montserrat; font-size: 16px; font-style: normal; font-weight: 400; letter-spacing: 0.2px; text-align: center;\">&#8212;&#8212;&#8212;&#8212;&#8212;&#8212;&#8212;&#8212;&#8212;&#8212;&#8212;&#8212;&#8212;<\/p><p style=\"font-variant-ligatures: normal; font-variant-caps: normal; font-family: Montserrat; font-size: 16px; font-style: normal; font-weight: 400; letter-spacing: 0.2px; text-align: center;\">*<span style=\"font-variant-ligatures: normal; font-variant-caps: normal; font-family: Montserrat; font-size: 16px; font-style: normal; font-weight: 400; letter-spacing: 0.2px; text-align: start;\">Dodatkowa op\u0142at\u0119 za sprz\u0105tanie <\/span><span style=\"font-variant-ligatures: normal; font-variant-caps: normal; font-family: Montserrat; font-size: 16px; font-style: normal; font-weight: bold; letter-spacing: 0.2px; text-align: start;\">300z\u0142<\/span><span style=\"font-variant-ligatures: normal; font-variant-caps: normal; font-family: Montserrat; font-size: 16px; font-style: normal; font-weight: 400; letter-spacing: 0.2px; text-align: start;\"> (przy wynajmie na powy\u017cej 3 nocy, op\u0142ata wliczona w cen\u0119)<\/span><\/p><p style=\"font-variant-ligatures: normal; font-variant-caps: normal; font-family: Montserrat; font-size: 16px; font-style: normal; font-weight: 400; letter-spacing: 0.2px; text-align: center;\"><span style=\"font-variant-ligatures: normal; font-variant-caps: normal; font-family: Montserrat; font-size: 16px; font-style: normal; font-weight: 400; letter-spacing: 0.2px; text-align: start;\">*Przy wynajmie na okres powy\u017cej 5 nocy\u00a0<\/span><span style=\"font-variant-ligatures: normal; font-variant-caps: normal; font-family: Montserrat; font-size: 16px; font-style: normal; font-weight: bold; letter-spacing: 0.2px; text-align: start;\">rabat &#8211; 10%<\/span><\/p><p style=\"font-variant-ligatures: normal; font-variant-caps: normal; font-family: Montserrat; font-size: 16px; font-style: normal; font-weight: 400; letter-spacing: 0.2px; text-align: center;\">\u00a0<\/p>\t\t\t\t\t\t<\/div>\n\t\t\t\t<\/div>\n\t\t\t\t\t<\/div>\n\t\t<\/div>\n\t\t\t\t<div class=\"elementor-column elementor-col-33 elementor-top-column elementor-element elementor-element-e67c741\" data-id=\"e67c741\" data-element_type=\"column\" data-settings=\"{&quot;background_background&quot;:&quot;classic&quot;}\">\n\t\t\t<div class=\"elementor-widget-wrap elementor-element-populated\">\n\t\t\t\t\t\t<div class=\"elementor-element elementor-element-70b084c elementor-widget elementor-widget-text-editor\" data-id=\"70b084c\" data-element_type=\"widget\" data-widget_type=\"text-editor.default\">\n\t\t\t\t<div class=\"elementor-widget-container\">\n\t\t\t\t\t\t\t<p><b>INNE<\/b><br \/><span style=\"font-size: 16px; letter-spacing: 0.2px;\">ceny ustalane<br \/>indywidulanie<\/span><\/p><p>&#8212;&#8212;&#8212;&#8212;&#8212;&#8212;&#8212;&#8212;&#8212;&#8212;&#8212;&#8212;&#8212;<\/p>\t\t\t\t\t\t<\/div>\n\t\t\t\t<\/div>\n\t\t\t\t<div class=\"elementor-element elementor-element-5e45e21 elementor-widget elementor-widget-text-editor\" data-id=\"5e45e21\" data-element_type=\"widget\" data-widget_type=\"text-editor.default\">\n\t\t\t\t<div class=\"elementor-widget-container\">\n\t\t\t\t\t\t\t<p style=\"font-variant-ligatures: normal; font-variant-caps: normal; font-family: Montserrat; font-size: 16px; font-style: normal; font-weight: 400; letter-spacing: 0.2px; text-align: center;\">Maj\u00f3wka<\/p><p style=\"font-variant-ligatures: normal; font-variant-caps: normal; font-family: Montserrat; font-size: 16px; font-style: normal; font-weight: 400; letter-spacing: 0.2px; text-align: center;\"><span style=\"font-size: 16px; letter-spacing: 0.2px;\">&#8212;&#8212;&#8212;&#8212;&#8212;&#8212;&#8212;&#8212;&#8212;&#8212;&#8212;&#8212;&#8212;<\/span><\/p><p style=\"font-variant-ligatures: normal; font-variant-caps: normal; font-family: Montserrat; font-size: 16px; font-style: normal; font-weight: 400; letter-spacing: 0.2px; text-align: center;\">Bo\u017ce Cia\u0142o<\/p><p style=\"font-variant-ligatures: normal; font-variant-caps: normal; font-family: Montserrat; font-size: 16px; font-style: normal; font-weight: 400; letter-spacing: 0.2px; text-align: center;\">&#8212;&#8212;&#8212;&#8212;&#8212;&#8212;&#8212;&#8212;&#8212;&#8212;&#8212;&#8212;&#8212;<\/p><p style=\"font-variant-ligatures: normal; font-variant-caps: normal; font-family: Montserrat; font-size: 16px; font-style: normal; font-weight: 400; letter-spacing: 0.2px; text-align: center;\">Bo\u017ce Narodzenie<\/p><p style=\"font-variant-ligatures: normal; font-variant-caps: normal; font-family: Montserrat; font-size: 16px; font-style: normal; font-weight: 400; letter-spacing: 0.2px; text-align: center;\">&#8212;&#8212;&#8212;&#8212;&#8212;&#8212;&#8212;&#8212;&#8212;&#8212;&#8212;&#8212;&#8211;<\/p><p style=\"font-variant-ligatures: normal; font-variant-caps: normal; font-family: Montserrat; font-size: 16px; font-style: normal; font-weight: 400; letter-spacing: 0.2px; text-align: center;\">Sywester<\/p><p style=\"font-variant-ligatures: normal; font-variant-caps: normal; font-family: Montserrat; font-size: 16px; font-style: normal; font-weight: 400; letter-spacing: 0.2px; text-align: center;\">&#8212;&#8212;&#8212;&#8212;&#8212;&#8212;&#8212;&#8212;&#8212;&#8212;&#8212;&#8212;&#8211;<\/p><p style=\"font-variant-ligatures: normal; font-variant-caps: normal; font-family: Montserrat; font-size: 16px; font-style: normal; font-weight: 400; letter-spacing: 0.2px; text-align: center;\">\u00a0<\/p>\t\t\t\t\t\t<\/div>\n\t\t\t\t<\/div>\n\t\t\t\t\t<\/div>\n\t\t<\/div>\n\t\t\t\t\t<\/div>\n\t\t<\/section>\n\t\t\t\t<section class=\"elementor-section elementor-top-section elementor-element elementor-element-59ad1b8c elementor-section-stretched elementor-section-boxed elementor-section-height-default elementor-section-height-default elementor-invisible\" data-id=\"59ad1b8c\" data-element_type=\"section\" data-settings=\"{&quot;animation&quot;:&quot;fadeInUp&quot;,&quot;background_background&quot;:&quot;classic&quot;,&quot;stretch_section&quot;:&quot;section-stretched&quot;}\">\n\t\t\t\t\t\t\t<div class=\"elementor-background-overlay\"><\/div>\n\t\t\t\t\t\t\t<div class=\"elementor-container elementor-column-gap-default\">\n\t\t\t\t\t<div class=\"elementor-column elementor-col-100 elementor-top-column elementor-element elementor-element-51e2eae8\" data-id=\"51e2eae8\" data-element_type=\"column\">\n\t\t\t<div class=\"elementor-widget-wrap elementor-element-populated\">\n\t\t\t\t\t\t<div class=\"elementor-element elementor-element-52637ef6 elementor-widget elementor-widget-heading\" data-id=\"52637ef6\" data-element_type=\"widget\" data-widget_type=\"heading.default\">\n\t\t\t\t<div class=\"elementor-widget-container\">\n\t\t\t<h2 class=\"elementor-heading-title elementor-size-default\">Odkryj \u0141apszank\u0119 ju\u017c teraz<\/h2>\t\t<\/div>\n\t\t\t\t<\/div>\n\t\t\t\t<div class=\"elementor-element elementor-element-420604bb elementor-align-center elementor-widget elementor-widget-button\" data-id=\"420604bb\" data-element_type=\"widget\" data-widget_type=\"button.default\">\n\t\t\t\t<div class=\"elementor-widget-container\">\n\t\t\t\t\t<div class=\"elementor-button-wrapper\">\n\t\t\t<a class=\"elementor-button elementor-button-link elementor-size-sm elementor-animation-bob\" href=\"https:\/\/www.lapszanka29.pl\/index.php\/kontakt\/\">\n\t\t\t\t\t\t<span class=\"elementor-button-content-wrapper\">\n\t\t\t\t\t\t<span class=\"elementor-button-text\">Zarezerwuj!<\/span>\n\t\t<\/span>\n\t\t\t\t\t<\/a>\n\t\t<\/div>\n\t\t\t\t<\/div>\n\t\t\t\t<\/div>\n\t\t\t\t\t<\/div>\n\t\t<\/div>\n\t\t\t\t\t<\/div>\n\t\t<\/section>\n\t\t\t\t<\/div>\n\t\t","protected":false},"excerpt":{"rendered":"<p>Cennik Zapraszamy do zapoznania si\u0119 z naszym cennikiem. Ponadto, sprawd\u017a, jakie atrakcyjne oferty czekaj\u0105 na Ciebie w \u0141apszanka29. Znajd\u017a sw\u00f3j idealny pakiet na wakacje w g\u00f3rach! SEZON NISKImarzec-czerwiecwrzesie\u0144-listopad &#8212;&#8212;&#8212;&#8212;&#8212;&#8212;&#8212;&#8212;&#8212;&#8212;&#8212;&#8212;&#8212; Dla maksymalnie 6 os\u00f3b600 z\u0142\/ za noc &#8212;&#8212;&#8212;&#8212;&#8212;&#8212;&#8212;&#8212;&#8212;&#8212;&#8212;&#8212;&#8212; Ka\u017cda kolejna osoba\u00a0100 z\u0142\/ za noc*Do\u00a010 os\u00f3b Dzieci do 14 lat rabat -50% &#8212;&#8212;&#8212;&#8212;&#8212;&#8212;&#8212;&#8212;&#8212;&#8212;&#8212;&#8212;&#8212; *Dodatkowa op\u0142ata za sprz\u0105tanie [&hellip;]<\/p>\n","protected":false},"author":1,"featured_media":0,"parent":0,"menu_order":0,"comment_status":"closed","ping_status":"closed","template":"","meta":{"ocean_post_layout":"","ocean_both_sidebars_style":"","ocean_both_sidebars_content_width":0,"ocean_both_sidebars_sidebars_width":0,"ocean_sidebar":"","ocean_second_sidebar":"","ocean_disable_margins":"enable","ocean_add_body_class":"","ocean_shortcode_before_top_bar":"","ocean_shortcode_after_top_bar":"","ocean_shortcode_before_header":"","ocean_shortcode_after_header":"","ocean_has_shortcode":"","ocean_shortcode_after_title":"","ocean_shortcode_before_footer_widgets":"","ocean_shortcode_after_footer_widgets":"","ocean_shortcode_before_footer_bottom":"","ocean_shortcode_after_footer_bottom":"","ocean_display_top_bar":"default","ocean_display_header":"default","ocean_header_style":"","ocean_center_header_left_menu":"","ocean_custom_header_template":"","ocean_custom_logo":0,"ocean_custom_retina_logo":0,"ocean_custom_logo_max_width":0,"ocean_custom_logo_tablet_max_width":0,"ocean_custom_logo_mobile_max_width":0,"ocean_custom_logo_max_height":0,"ocean_custom_logo_tablet_max_height":0,"ocean_custom_logo_mobile_max_height":0,"ocean_header_custom_menu":"","ocean_menu_typo_font_family":"","ocean_menu_typo_font_subset":"","ocean_menu_typo_font_size":0,"ocean_menu_typo_font_size_tablet":0,"ocean_menu_typo_font_size_mobile":0,"ocean_menu_typo_font_size_unit":"px","ocean_menu_typo_font_weight":"","ocean_menu_typo_font_weight_tablet":"","ocean_menu_typo_font_weight_mobile":"","ocean_menu_typo_transform":"","ocean_menu_typo_transform_tablet":"","ocean_menu_typo_transform_mobile":"","ocean_menu_typo_line_height":0,"ocean_menu_typo_line_height_tablet":0,"ocean_menu_typo_line_height_mobile":0,"ocean_menu_typo_line_height_unit":"","ocean_menu_typo_spacing":0,"ocean_menu_typo_spacing_tablet":0,"ocean_menu_typo_spacing_mobile":0,"ocean_menu_typo_spacing_unit":"","ocean_menu_link_color":"","ocean_menu_link_color_hover":"","ocean_menu_link_color_active":"","ocean_menu_link_background":"","ocean_menu_link_hover_background":"","ocean_menu_link_active_background":"","ocean_menu_social_links_bg":"","ocean_menu_social_hover_links_bg":"","ocean_menu_social_links_color":"","ocean_menu_social_hover_links_color":"","ocean_disable_title":"on","ocean_disable_heading":"default","ocean_post_title":"","ocean_post_subheading":"","ocean_post_title_style":"","ocean_post_title_background_color":"","ocean_post_title_background":0,"ocean_post_title_bg_image_position":"","ocean_post_title_bg_image_attachment":"","ocean_post_title_bg_image_repeat":"","ocean_post_title_bg_image_size":"","ocean_post_title_height":0,"ocean_post_title_bg_overlay":0.5,"ocean_post_title_bg_overlay_color":"","ocean_disable_breadcrumbs":"default","ocean_breadcrumbs_color":"","ocean_breadcrumbs_separator_color":"","ocean_breadcrumbs_links_color":"","ocean_breadcrumbs_links_hover_color":"","ocean_display_footer_widgets":"default","ocean_display_footer_bottom":"default","ocean_custom_footer_template":"","footnotes":""},"class_list":["post-671","page","type-page","status-publish","hentry","entry"],"aioseo_notices":[],"_links":{"self":[{"href":"https:\/\/www.lapszanka29.pl\/index.php\/wp-json\/wp\/v2\/pages\/671","targetHints":{"allow":["GET"]}}],"collection":[{"href":"https:\/\/www.lapszanka29.pl\/index.php\/wp-json\/wp\/v2\/pages"}],"about":[{"href":"https:\/\/www.lapszanka29.pl\/index.php\/wp-json\/wp\/v2\/types\/page"}],"author":[{"embeddable":true,"href":"https:\/\/www.lapszanka29.pl\/index.php\/wp-json\/wp\/v2\/users\/1"}],"replies":[{"embeddable":true,"href":"https:\/\/www.lapszanka29.pl\/index.php\/wp-json\/wp\/v2\/comments?post=671"}],"version-history":[{"count":117,"href":"https:\/\/www.lapszanka29.pl\/index.php\/wp-json\/wp\/v2\/pages\/671\/revisions"}],"predecessor-version":[{"id":1750,"href":"https:\/\/www.lapszanka29.pl\/index.php\/wp-json\/wp\/v2\/pages\/671\/revisions\/1750"}],"wp:attachment":[{"href":"https:\/\/www.lapszanka29.pl\/index.php\/wp-json\/wp\/v2\/media?parent=671"}],"curies":[{"name":"wp","href":"https:\/\/api.w.org\/{rel}","templated":true}]}}